?
2
Calculate (1 - (0 - (-2 + 3))) + 2.
4
Calculate 1 - (-9 - (-5 - 6)).
-1
Calculate -1 + -2 - (13 + -17) - 6.
-5
Calculate 1 + (4 - (5 - -1)).
-1
Calculate -8 + (7 + -7 + 13 - 8).
-3
What is the value of 4 + (-1 - -2) + -5?
0
-3 + 0 + (-2 - 9 - -16)
2
Calculate 0 - (7 - (-1 + 9 + -5)).
-4
Evaluate 0 + -5 + 5 - 4.
-4
What is the value of -2 - ((6 - (7 + -5)) + -7)?
1
What is the value of 3 - 1 - (1 - (-7 + 9))?
3
What is -3 + -3 + (-3 - (8 - 15))?
-2
-5 + -1 + 1 + 2
-3
What is 0 + -3 - (-1 + (-4 - -6))?
-4
8 - 2 - (3 - -1)
2
What is 1 - (-1 + -1) - (0 + -2)?
5
Calculate (1 - -4) + (-1 - -2 - 4).
2
-2 + 5 + 8 + -12
-1
What is -3 - (1 + 6 + -9)?
-1
Calculate -2 - -6 - 11 - -6.
-1
What is the value of (5 - (20 - 18)) + -5 + -1?
-3
(0 - 0 - 1) + 71 + -74
-4
What is (0 - -6) + 14 + -27 + 16?
9
Evaluate -11 + 0 + 3 + -13 + 18.
-3
What is 1 + 2 + -5 + 3?
1
-4 - (-7 - -3) - 2 - 2
-4
Evaluate -1 + (0 - (-3 + 0 + 4)).
-2
Evaluate (-4 - 5) + 5 - (2 - -3).
-9
Evaluate 8 + 2 + -2 + -7.
1
-3 + -4 + 0 + 20 - 6
7
(-15 + 12 - 1) + -4
-8
What is the value of -1 - (3 - (3 - -3 - -3))?
5
Calculate (7 - 10) + 3 - 0.
0
Calculate -2 + (11 - (2 - (-6 - -3))).
4
Evaluate (-2 - 0) + 8 + -8 + -2.
-4
4 + (3 - (-2 - -11))
-2
Calculate 5 + (-2 - (-3 + 4)).
2
What is 21 + -43 - (-2 + -11)?
-9
What is the value of 5 + 0 + (-6 - (-5 + 2))?
2
What is the value of -3 + 0 + -11 + 12?
-2
-1 + (8 - 0) - (109 - 107)
5
What is 3 + (-1 - (3 - 4 - 2))?
5
Evaluate -5 + -3 + 9 - (1 + 4).
-4
Evaluate -14 + 21 - (9 + 1).
-3
What is (-11 - -3) + (0 - -1) + 4?
-3
Evaluate -3 + 3 + 1 + -3 + 3.
1
What is 1 + (-7 - -3) + 4 - 8?
-7
What is the value of 1 + -1 + 0 + 1?
1
What is the value of 10 + -10 - 1 - -4?
3
What is the value of 20 - (-9 + 14) - 10?
5
Calculate -5 - (-8 + (3 - 2)).
2
What is (0 - (0 + -4)) + -4?
0
Calculate 3 + (-10 - (2 - 16)).
7
Evaluate (3 - 1) + (6 - 12) - -1.
-3
Calculate -2 + 1 - (3 + (-2 - 1)).
-1
-6 + (4 - 2) + 5
1
What is the value of -20 - -5 - (4 + -9 - 2)?
-8
What is the value of 4 - (8 - 1 - 5)?
2
What is the value of (8 - (15 - 6)) + -1?
-2
Calculate 6 + (-1 + 1 - (3 + 0)).
3
What is 11 + -23 - -16 - -4?
8
(-14 - (-20 + 8)) + (0 - 4)
-6
Calculate (-1 - 1) + -1 - (154 - 161).
4
Evaluate (5 - (0 + (4 - 0))) + 4.
5
Calculate (-1 - 10) + -4 + 8 + 0.
-7
Calculate -13 + 4 + (10 - 5).
-4
Evaluate (0 - 1) + (14 - (18 - 1)).
-4
Evaluate 26 + -28 + (1 - 3).
-4
What is the value of -2 - (-1 + (-3 - (3 - 5)))?
0
Calculate -2 - (-3 - 0 - -2).
-1
3 - (3 - (0 + 1 + 0))
1
What is 11 + (4 - 20) - 2?
-7
-7 + -2 + 3 + 8
2
Evaluate 4 - (2 - -3 - -4).
-5
What is the value of 0 - ((-9 - -11) + (2 - 3))?
-1
Calculate 0 + 21 - (60 + -48).
9
Evaluate 53 - 51 - (-4 + 3 + -1).
4
Evaluate (22 + -12 - 5) + -12.
-7
Evaluate 2 + 0 - (-2 - -7).
-3
What is -1 + 4 + -2 - -3?
4
(0 - 1 - -12 - 7) + 1
5
Calculate -30 - -28 - (-3 + 1 + -1).
1
What is the value of (8 - 3) + -4 - 10?
-9
What is the value of (2 - -12) + -3 + -7?
4
What is the value of -10 + 7 + -3 - (15 + -21)?
0
Evaluate (69 - 72) + -7 + 1.
-9
Calculate -4 + 0 + 0 + 3 + -3.
-4
Evaluate -4 + (1 - 0) - 5.
-8
-1 - (-7 - -7) - (1 - -3)
-5
3 - (-9 - (5 - 14))
3
What is the value of 3 + (-2 - (7 + -3 + -2))?
-1
Calculate 1 + -2 + (-11 - -15).
3
What is 4 + 1 + -8 + 6?
3
-25 + 25 + -1 + 2
1
What is -1 - (1 - (1 - 1) - 3)?
1
What is the value of -1 - (3 - (-6 + 3 - -5))?
-2
What is -1 - -1 - (-2 - (3 + -1))?
4
-4 + 0 + (19 - 5) + -8
2
Calculate -4 + (6 - 1 - 4).
-3
Calculate (2 - 3) + (4 - 0 - 3).
0
Evaluate -1 - (-6 + 4 + 3).
-2
What is the value of -1 - -1 - (12 + -16)?
4
What is the value of -3 + -8 + 4 + (2 - -1)?
-4
Calculate (-4 - (-9 + 4)) + -4.
-3
Calculate (-5 - (4 - 5 - 2)) + 7.
5
Calculate 0 - (-4 + (0 - 2 - -5)).
1
Calculate (3 - (4 - 5)) + -3 + -4.
-3
What is (0 - -3) + -7 + 4?
0
3 - ((8 + -2 - 5) + 5)
-3
Calculate (5 - (-5 - -13)) + (-1 - -4).
0
What is the value of -2 - (0 - 3 - (6 + -7))?
0
Calculate -1 + 11 + -7 + -2.
1
What is -4 + (6 - (-6 + (2 - -12)))?
-6
What is the value of (-6 - (11 + -8)) + 5?
-4
-3 + (9 - 5 - 5) + 0
-4
-6 - ((-1 - 6) + 1)
0
Evaluate (-8 - -16) + -9 + 1.
0
What is (3 - 1 - (4 + 1)) + 7?
4
What is -5 - (3 + -3 - 1)?
-4
7 + (-1 - 14) + 7 - -1
0
2 - -2 - (-6 - -9)
1
What is the value of 0 + 1 - (-116 - -114)?
3
What is the value of 2 - 0 - (-7 + 5 + -2)?
6
What is the value of (-4 - -9) + (-3 - -1)?
3
Evaluate -5 + 7 + -11 + 7.
-2
-2 - (0 - -2) - (-16 - -14)
-2
2 - ((2 - 0 - 5) + 1)
4
What is -2 + (3 - (3 - 1))?
-1
What is the value of -4 + -1 - (3 + -8)?
0
Evaluate -3 + 0 - 4 - -2.
-5
Evaluate -8 + 12 - (-1 - (-1 + -3)).
1
What is the value of -20 + 8 + 7 + 13?
8
Calculate 0 - (3 + -8) - 2.
3
What is 4 + (3 - (-1 + 3)) - 2?
3
Evaluate 1 - 4 - -2 - -4.
3
What is 5 + 4 - 3 - 4?
2
What is 1 + -3 - -3 - 4?
-3
Evaluate -4 + (3 + -1 - (-8 + 5)).
1
Calculate (9 - 8 - (0 - 5)) + 2.
8
What is the value of 3 + 3 - (-3 + 2)?
7
Evaluate 17 + -7 + (6 - 13).
3
What is (-3 - -7) + 2 + 1 + -5?
2
What is the value of 3 + -6 + 5 - (6 - 0)?
-4
1 - 1 - (-1 - -1 - 4)
4
What is -7 - -1 - (8 + -11)?
-3
Calculate (1 - -1) + (1 - 1).
2
What is the value of -2 + -8 - (13 + -23)?
0
What is 2 - -2 - (4 - (2 + -1))?
1
Calculate 2 + -1 + (1 - (4 + -1)).
-1
(1 - 6 - (-4 + -2)) + 2
3
What is the value of 0 + -1 + 2 - (-15 + 16)?
0
2 + 3 + -5 - 5
-5
What is the value of -5 + (7 - (9 - 10))?
3
What is (-3 - 0 - -2) + 2?
1
Calculate 3 + -1 + (-8 - (-4 - 3)).
1
2 + -1 - -2 - -2
5
What is 4 + -1 + -8 - (-1 - 1)?
-3
Calculate -1 + -2 + -2 + 2 - -3.
0
What is (33 - 19) + -1 + -4?
9
What is the value of -3 + -2 - (8 + -12)?
-1
Calculate 27 + -21 + 1 + -1 + -3.
3
Calculate -12 + 4 - (0 + -5).
-3
Calculate (7 - (8 + -1)) + -1.
-1
Evaluate 18 - (7 + (-2 - -9) + -5).
9
Calculate 12 - -3 - 4 - (8 - 3).
6
What is the value of 9 - (-6 + (-7 - -20))?
2
Calculate -7 + (-4 - -6) - -5.
0
What is 0 + -2 - -9 - 6 - 6?
-5
What is (10 - (18 + -9)) + 8?
9
Evaluate -4 - ((5 - 5) + -4).
0
Evaluate (-1 + 4 - -2) + (1 - 9).
-3
Evaluate -1 - 2 - (3 - 2).
-4
What is (0 - (-1 + -4)) + -4?
1
Evaluate -2 + -2 + (5 - (5 + -6)).
2
What is (-29 - -31) + 1 + 6 + -2?
7
What is 1 + -10 + 6 + (-1 - 0)?
-4
What is -7 - 0 - (-28 - -25)?
-4
Evaluate 1 + (-5 - 4) - -8.
0
What is the value of -2 - -2 - (-4 - -7)?
-3
4 + (2 - 4) + -3 - 0
-1
4 + -6 + -1 + 2 - -4
3
1 - ((-12 - -6) + 12)
-5
Calculate 1 + (-1 - 2 - (8 - 5)).
-5
What is the value of -5 + (8 - (2 - 0))?
1
Calculate 12 + -9 + 2 - 11.
-6
Calculate -37 - -38 - (6 - 1 - 1).
-3
(11 - (-6 - -11)) + -6 - 2
-2
Calculate (-43 - -43) + -1 + (2 - -3).
4
What is the value of 3 - (5 + 6 + -13)?
5
Calculate -4 - ((0 - 1) + (-38 - -30)).
5
What is the value of 2 + (-5 - -3) - 2?
-2
What is the value of -9 - -10 - (5 + -4 + 1)?
-1
Evaluate -3 + (0 - -7 - (1 + -2)).
5
Calculate (-3 - 9) + 32 + -13.
7
What is 7 + (-3 - 3) + 2 + -8?
-5
0 + -1 + (5 - 5)
-1
Calculate -2 + (-1 - (-1 - 3)).
1
Evaluate (-1 + -1 - -1) + 3 + -1.
1
Evaluate -4 - -1 - (7 - (-2 - -7)).
-5
(5 - 4) + (-1 - 0)
0
-3 + (-22 + 10 - -11)
-4
Evaluate -12 - (2 + -4 + -1).
-9
What is (-11 - -1 - 3) + 6?
-7
What is (8 + -9 - -6) + -20 + 4?
-11
10 - 13 - (1 + 2 + 0)
-6
-3 + (-4 + 9 - -1)
3
What is -4 - -2 - (2 - 7) - 3?
0
Calculate 1 - 5 - (-1 + (1 - -1)).
-5
What is the value of -1 - (-2 + -2 + 6)?
-3
Calculate 6 + (0 - (4 - -2)).
0
Calculate (-13 + 1 + 7 - 0) + 0.
-5
-2 + 1 + 4 + -3
0
What is (-9 - -2 - (0 + -2)) + -1?
-6
What is the value of -4 + 20 + -4 + -6 + -6?
0
-10 + 4 + -3 + 6
-3
Calculate 23 - 23 - (0 - (1 - 2)).
-1
What is -3 - (2 - 2 - 5) - 8?
-6
What is 8 - (4 + 5 - 4)?
3
2 - (3 + -4 + (10 - 2))
-5
-11 + 2 + 0 + 1 + 3
-5
7 + (3 - 11 - (-12 + 3))
8
What is -8 + 0 + 12 - -1?
5
What is the value of (-6 - -1) + -78 + 85?
2
What is the value of 11 + -4 - 8 - 0 - 6?
-7
Evaluate 7 - (2 + 4 + (1 - 2)).
2
What is -1 + -3 + 2 + -2 - -5?
1
What is 64 - 58 - (-2 - -7)?
1
Calculate 0 + 0 - 7 - -4.
-3
What is the value of -1 + (-5 - -3 - 2) - -2?
-3
What is 2 + -2 - (-8 + 17 + -4)?
-5
1 + 2 + -13 + 15
5
What is the value of (0 - 15) + 66 + -59?
-8
Calculate 0 - 0 - (-8 - (-5 - 5)).
-2
Calculate 2 + -3 + -5 + 1.
-5
What is -1 + (0 - -4) + -2?
1
What is 5 - ((9 - 0) + -10)?
6
Calculate 31 + -34 - (1 - 8).
4
What is -2 + (0 - -12) + -5?
5
Calculate (-2 - -8) + (6 - 13 - -